NOAA-Style Climate Reports

Select a Year or Month report
2021: Jan Feb Mar Apr Mai Jun Jul Aug Sep Okt Nov Des
2020: Jan Feb Mar Apr Mai Jun Jul Aug Sep Okt Nov Des
2019: Jan Feb Mar Apr Mai Jun Jul Aug Sep Okt Nov Des
2018: Jan Feb Mar Apr Mai Jun Jul Aug Sep Okt Nov Des
2017: Jan Feb Mar Apr Mai Jun Jul Aug Sep Okt Nov Des
2016: Jan Feb Mar Apr Mai Jun Jul Aug Sep Okt Nov Des
2015: Jan Feb Mar Apr Mai Jun Jul Aug Sep Okt Nov Des
2014: Jan Feb Mar Apr Mai Jun Jul Aug Sep Okt Nov Des
2013: Jan Feb Mar Apr Mai Jun Jul Aug Sep Okt Nov Des
2012: Jan Feb Mar Apr Mai Jun Jul Aug Sep Okt Nov Des

Report for 2019 Mars
                   Monthly Climatological Summary for mar 2019

Name: Kurlandfk.no   City: Kurland, Lørenskog   State: Akershus
Elevation: 177 m  Lat: N 59° 55' 48"   Lon: E 011° 01' 06"

                  Temperature (°C), Rain (mm), Wind Speed (m/s)

                                      Heat  Cool        Avg
    Mean                              Deg   Deg         Wind                 Dom
Day Temp  High   Time   Low    Time   Days  Days  Rain  Speed High   Time    Dir
----------------------------------------------------------------------------------
 1   0,2   8,4   10.22  -5,6   23.17  18,0   0,0   0,0   0,2   4,1   12.48    SE
 2  -0,8   6,4   14.15  -7,3   06.44  19,1   0,0   0,0   0,1   3,4   16.01   NNW
 3   1,7   5,7   14.07  -9,1   22.11  16,3   0,0   8,4   0,2   3,7   06.42   ESE
 4  -0,2   9,2   02.11  -9,2   06.10  18,5   0,0   2,1   0,8  54,4   03.16    SE
 5  -1,7   0,5   00.00  -3,8   21.12  20,0   0,0   0,0   1,3   7,1   11.05    SE
 6  -1,3   5,0   09.43  -3,8   01.18  19,6   0,0   0,9   0,4   4,4   14.57   ESE
 7   0,7   1,7   21.15  -0,7   00.00  17,6   0,0   6,6   0,3   3,4   14.48    SE
 8   0,1   3,0   14.35  -5,2   23.31  18,2   0,0   2,4   0,0   0,3   16.08   ---
 9  -2,1  -0,6   08.52  -4,6   23.54  20,4   0,0   0,0   0,3   5,8   14.50    SE
10  -3,6   8,8   10.47 -11,5   06.45  21,9   0,0   6,3   0,1   3,1   13.47   NNW
11  -3,8   9,8   11.38 -13,3   07.18  22,1   0,0   0,0   0,2   6,8   14.58   NNW
12  -5,0   0,6   23.50 -13,4   05.43  23,3   0,0   0,0   1,0  10,9   18.47   SSE
13   1,9   5,5   13.38  -0,9   23.55  16,6   0,0   8,4   0,3   6,8   00.54     S
14  -1,4   3,0   12.38  -6,9   06.43  19,7   0,0   1,2   0,0   1,7   15.22    SE
15   0,6   3,2   14.07  -1,0   06.08  17,7   0,0   0,0   0,3   4,1   13.35    SE
16   0,8   3,1   11.16  -1,9   02.05  17,7   0,0   0,3   0,4   4,1   22.41    SE
17   1,3   3,2   10.41  -0,2   00.11  17,2   0,0  15,6   1,5   9,2   14.47    SE
18   2,4   6,5   09.15  -3,2   23.58  15,9   0,0   0,3   1,5  10,9   11.57   ESE
19   2,2  12,8   12.10  -5,9   06.23  16,1   0,0   0,0   0,4   5,8   13.43   NNW
20   6,8  14,5   10.19   2,2   00.16  11,5   0,0   0,0   0,8   7,5   06.11   NNW
21   6,8  15,6   12.31  -1,5   23.46  11,5   0,0   0,0   0,6  11,2   15.19   NNW
22   3,0   9,8   11.51  -3,9   05.41  15,3   0,0   0,3   0,7   9,2   22.15    NW
23   6,3  10,7   10.27   2,2   22.36  12,0   0,0   0,0   1,6  10,9   17.42   NNW
24   4,2   8,9   11.32  -1,0   23.56  14,1   0,0   0,0   0,8   7,5   12.17    NW
25   2,7   9,1   15.46  -1,6   04.23  15,6   0,0   0,0   0,8  10,9   09.23    SE
26   3,5   9,7   14.23  -4,0   04.17  14,8   0,0   0,0   0,5   7,1   09.43    NE
27   5,2  17,9   10.31  -3,2   05.44  13,1   0,0   0,0   0,2   4,4   14.11   ESE
28   6,5  15,1   12.11  -2,4   03.35  11,8   0,0   0,0   0,3   5,4   12.19    NW
29   8,5  13,7   12.30   2,7   03.18   9,8   0,0   0,0   1,0   8,2   13.47    NW
30   6,4  14,2   11.09   1,6   04.00  11,9   0,0   3,3   0,3   6,1   00.05   NNW
31   3,9   9,6   08.40  -3,5   23.52  13,8   0,0   0,0   0,7   8,8   03.31   NNE
----------------------------------------------------------------------------------
     1,8  17,9    27   -13,4    12   511,1   0,0  56,1   0,6  54,4     4     ENE

Max >=  27,0:  0
Max <=   0,0:  1
Min <=   0,0: 27
Min <= -18,0:  0
Max Rain: 15,6 on day 17
Days of Rain: 13 (>= 0,2 mm)  8 (>= 2,0 mm)  0 (>= 20,0 mm)
Heat Base: 18,3  Cool Base: 18,3  Method: Integration