NOAA-Style Climate Reports

Select a Year or Month report
2021: Jan Feb Mar Apr Mai Jun Jul Aug Sep Okt Nov Des
2020: Jan Feb Mar Apr Mai Jun Jul Aug Sep Okt Nov Des
2019: Jan Feb Mar Apr Mai Jun Jul Aug Sep Okt Nov Des
2018: Jan Feb Mar Apr Mai Jun Jul Aug Sep Okt Nov Des
2017: Jan Feb Mar Apr Mai Jun Jul Aug Sep Okt Nov Des
2016: Jan Feb Mar Apr Mai Jun Jul Aug Sep Okt Nov Des
2015: Jan Feb Mar Apr Mai Jun Jul Aug Sep Okt Nov Des
2014: Jan Feb Mar Apr Mai Jun Jul Aug Sep Okt Nov Des
2013: Jan Feb Mar Apr Mai Jun Jul Aug Sep Okt Nov Des
2012: Jan Feb Mar Apr Mai Jun Jul Aug Sep Okt Nov Des

Report for 2019 April
                   Monthly Climatological Summary for apr 2019

Name: Kurlandfk.no   City: Kurland, Lørenskog   State: Akershus
Elevation: 177 m  Lat: N 59° 55' 48"   Lon: E 011° 01' 06"

                  Temperature (°C), Rain (mm), Wind Speed (m/s)

                                      Heat  Cool        Avg
    Mean                              Deg   Deg         Wind                 Dom
Day Temp  High   Time   Low    Time   Days  Days  Rain  Speed High   Time    Dir
----------------------------------------------------------------------------------
 1   2,0  10,3   10.20  -7,2   06.23  16,3   0,0   0,0   0,5   7,1   17.26    NW
 2   4,7  10,6   16.59   0,1   01.27  13,6   0,0   0,0   0,6   5,8   13.20     S
 3   2,3   5,0   13.28  -1,7   02.30  16,0   0,0   0,0   0,8   5,1   08.54    SE
 4   6,4  14,0   16.49   1,0   23.59  11,9   0,0   0,0   0,8   6,1   10.36   ESE
 5   4,9   9,4   12.57  -0,6   02.55  13,6   0,0   0,0   1,4   9,9   12.31    SE
 6   5,5  13,1   16.18   1,0   06.11  12,8   0,0   0,0   0,5   5,1   22.00   ESE
 7   6,2  10,8   13.39   0,8   23.59  12,1   0,0   0,0   1,3   8,8   11.51   ESE
 8   3,6   7,8   12.55  -2,8   06.30  14,8   0,0   0,0   1,3  11,2   10.57   ESE
 9   2,0   6,4   15.27  -5,9   06.22  16,4   0,0   0,0   1,2  10,9   11.06   ESE
10   2,0   6,2   13.27  -2,1   22.27  16,3   0,0   0,0   0,9   7,8   12.52   ESE
11   1,8   7,9   11.04  -5,1   05.35  16,5   0,0   0,0   0,5   5,8   14.39   ESE
12   2,3   9,5   12.58  -6,8   06.51  16,1   0,0   0,0   0,5   5,8   16.56   ESE
13   4,1  10,8   11.12  -5,8   06.12  14,2   0,0   0,0   0,5   4,8   12.42   ESE
14   4,6  13,0   11.12  -4,9   04.12  13,8   0,0   0,0   0,3   5,4   15.42   ENE
15   5,5  15,1   11.57  -4,9   06.01  12,8   0,0   0,0   0,3   5,8   13.35   ESE
16   5,2  13,1   08.35  -3,4   06.17  13,1   0,0   0,0   0,5   6,5   14.03    SE
17   6,7  14,9   12.22  -2,3   06.24  11,6   0,0   0,0   0,5   6,1   14.37    SE
18   9,5  21,1   13.54  -1,4   04.37   9,0   0,2   0,0   0,3   6,1   15.07     N
19  10,6  21,9   13.29  -0,9   05.55   8,2   0,5   0,0   0,2   4,8   14.12     N
20  12,4  24,8   11.24  -0,1   04.43   7,1   1,2   0,0   0,4   6,8   15.10   NNW
21  13,6  24,1   12.40   3,5   05.32   6,0   1,3   0,0   0,3   5,4   14.50   NNW
22  13,4  22,0   11.36   3,9   05.28   5,7   0,8   0,0   0,4   5,8   16.50   NNW
23  12,4  22,1   11.42   0,6   05.49   6,4   0,5   0,0   0,5   7,1   14.29   SSE
24  13,6  21,1   14.11   3,0   03.30   5,2   0,4   0,0   1,4  12,9   13.32    SE
25  14,4  19,5   15.36  11,1   23.57   3,9   0,0   0,0   1,1   8,5   18.15    SE
26  14,7  20,6   17.27   8,4   02.56   4,0   0,4   3,0   0,8   5,8   10.26   ESE
27  14,0  20,1   15.38  10,0   09.37   4,4   0,2   5,4   1,1   7,5   14.15    SE
28  14,2  21,3   17.55   8,4   23.55   4,7   0,7   4,5   1,4   7,1   15.05    SE
29  16,8  26,9   12.31   4,5   04.47   4,2   2,7   0,0   0,3   5,1   14.52     E
30  16,5  22,4   09.35  10,6   01.36   2,8   1,0   0,0   0,4   6,1   09.44   ESE
----------------------------------------------------------------------------------
     8,2  26,9    29    -7,2     1   313,5   9,9  12,9   0,7  12,9    24     ESE

Max >=  27,0:  0
Max <=   0,0:  0
Min <=   0,0: 16
Min <= -18,0:  0
Max Rain: 5,4 on day 27
Days of Rain: 3 (>= 0,2 mm)  3 (>= 2,0 mm)  0 (>= 20,0 mm)
Heat Base: 18,3  Cool Base: 18,3  Method: Integration