NOAA-Style Climate Reports

Select a Year or Month report
2021: Jan Feb Mar Apr Mai Jun Jul Aug Sep Okt Nov Des
2020: Jan Feb Mar Apr Mai Jun Jul Aug Sep Okt Nov Des
2019: Jan Feb Mar Apr Mai Jun Jul Aug Sep Okt Nov Des
2018: Jan Feb Mar Apr Mai Jun Jul Aug Sep Okt Nov Des
2017: Jan Feb Mar Apr Mai Jun Jul Aug Sep Okt Nov Des
2016: Jan Feb Mar Apr Mai Jun Jul Aug Sep Okt Nov Des
2015: Jan Feb Mar Apr Mai Jun Jul Aug Sep Okt Nov Des
2014: Jan Feb Mar Apr Mai Jun Jul Aug Sep Okt Nov Des
2013: Jan Feb Mar Apr Mai Jun Jul Aug Sep Okt Nov Des
2012: Jan Feb Mar Apr Mai Jun Jul Aug Sep Okt Nov Des

Report for 2019 Juni
                   Monthly Climatological Summary for jun 2019

Name: Kurlandfk.no   City: Kurland, Lørenskog   State: Akershus
Elevation: 177 m  Lat: N 59° 55' 48"   Lon: E 011° 01' 06"

                  Temperature (°C), Rain (mm), Wind Speed (m/s)

                                      Heat  Cool        Avg
    Mean                              Deg   Deg         Wind                 Dom
Day Temp  High   Time   Low    Time   Days  Days  Rain  Speed High   Time    Dir
----------------------------------------------------------------------------------
 1  12,5  18,7   18.11   8,3   01.51   5,8   0,0   2,7   0,4   7,1   18.56   NNW
 2  15,4  24,8   09.53   5,3   04.24   4,5   1,7   2,4   0,4   6,1   15.17   NNW
 3  14,6  20,9   14.46  10,8   00.05   4,0   0,2   2,7   0,7   8,5   15.59   NNW
 4  15,9  21,9   09.38   9,2   04.02   3,2   0,8   0,0   0,9   6,8   15.48   NNW
 5  12,5  20,3   18.37   5,9   03.31   6,0   0,2   2,1   0,4   4,8   09.15    SE
 6  19,6  31,4   13.42  10,9   03.32   1,7   3,1   5,4   0,8   9,9   13.50    SE
 7  17,3  20,5   16.15  10,6   23.57   1,2   0,2   8,4   0,3   4,1   02.46     E
 8  15,1  25,1   09.41   7,8   04.09   4,0   0,7   3,6   0,3   5,8   20.18   WNW
 9  14,1  18,0   10.40  10,6   23.56   4,2   0,0   9,6   0,7   7,8   15.42    NW
10  16,3  22,9   11.38   8,4   03.57   3,1   1,1   0,0   0,7   6,1   11.33   NNW
11  15,3  22,3   15.59   5,9   03.57   4,0   1,1   9,3   0,8   8,2   19.13    SE
12  10,3  12,2   13.05   8,9   19.32   8,1   0,0   6,9   1,5   8,8   09.57    SE
13  11,8  16,9   16.39   8,9   02.22   6,4   0,0  13,5   0,8   6,8   01.50    SE
14  15,2  21,2   18.13   9,1   00.41   3,4   0,3   1,5   0,4   6,1   14.04    SE
15  20,3  28,7   08.53   8,2   03.54   2,1   4,1   0,0   0,4   6,1   14.33    SE
16  17,0  22,3   13.13  13,6   03.13   1,8   0,4   0,0   0,4   2,7   21.13   WNW
17  19,2  24,1   09.43  13,3   05.43   2,0   1,8   0,0   1,0   5,8   20.13    NW
18  16,9  21,9   15.13  11,9   03.13   2,0   0,6   0,0   0,7   5,1   21.25    NW
19  16,7  22,3   13.13   9,7   04.01   2,5   0,9   5,4   0,3   4,1   15.33   ESE
20  16,1  19,7   15.49  13,0   02.10   2,3   0,1  16,5   0,4   4,4   02.59     N
21  17,1  23,9   09.44  10,2   23.07   2,4   1,3   0,3   0,9   8,8   14.30   NNW
22  17,8  25,0   12.16   8,6   04.32   2,5   2,1   0,0   0,9   7,5   11.53   NNW
23  16,9  25,0   07.29   5,2   03.53   3,2   1,8   0,0   0,3   5,4   10.49   NNW
24  18,6  27,8   12.34   7,0   03.59   2,4   2,7   0,0   0,4   4,8   07.29    SE
25  15,7  19,2   13.22  12,6   23.27   2,6   0,0   4,5   0,3   3,7   01.45    SE
26  17,5  25,2   11.45  12,0   03.07   2,5   1,7   1,5   0,3   5,1   14.24    SE
27  17,6  24,2   16.48  11,7   23.57   2,2   1,5   0,0   0,9   6,5   06.17    SE
28  20,2  28,1   12.17   8,2   04.14   2,0   3,9   0,0   0,4   5,4   18.11   NNW
29  21,5  31,1   13.51  11,6   04.21   1,4   4,7   0,0   0,4   6,8   18.08   NNW
30  22,1  31,1   08.58  13,2   04.08   0,8   4,7   0,0   0,6   6,8   20.30   NNW
----------------------------------------------------------------------------------
    16,6  31,4     6     5,2    23    94,3  41,7  96,3   0,6   9,9     6     NNE

Max >=  27,0:  6
Max <=   0,0:  0
Min <=   0,0:  0
Min <= -18,0:  0
Max Rain: 16,5 on day 20
Days of Rain: 17 (>= 0,2 mm)  14 (>= 2,0 mm)  0 (>= 20,0 mm)
Heat Base: 18,3  Cool Base: 18,3  Method: Integration