NOAA-Style Climate Reports

Select a Year or Month report
2021: Jan Feb Mar Apr Mai Jun Jul Aug Sep Okt Nov Des
2020: Jan Feb Mar Apr Mai Jun Jul Aug Sep Okt Nov Des
2019: Jan Feb Mar Apr Mai Jun Jul Aug Sep Okt Nov Des
2018: Jan Feb Mar Apr Mai Jun Jul Aug Sep Okt Nov Des
2017: Jan Feb Mar Apr Mai Jun Jul Aug Sep Okt Nov Des
2016: Jan Feb Mar Apr Mai Jun Jul Aug Sep Okt Nov Des
2015: Jan Feb Mar Apr Mai Jun Jul Aug Sep Okt Nov Des
2014: Jan Feb Mar Apr Mai Jun Jul Aug Sep Okt Nov Des
2013: Jan Feb Mar Apr Mai Jun Jul Aug Sep Okt Nov Des
2012: Jan Feb Mar Apr Mai Jun Jul Aug Sep Okt Nov Des

Report for 2019 Juli
                   Monthly Climatological Summary for jul 2019

Name: Kurlandfk.no   City: Kurland, Lørenskog   State: Akershus
Elevation: 177 m  Lat: N 59° 55' 48"   Lon: E 011° 01' 06"

                  Temperature (°C), Rain (mm), Wind Speed (m/s)

                                      Heat  Cool        Avg
    Mean                              Deg   Deg         Wind                 Dom
Day Temp  High   Time   Low    Time   Days  Days  Rain  Speed High   Time    Dir
----------------------------------------------------------------------------------
 1  18,4  25,7   10:42  13,4   03:12   1,2   1,2   1,2   0,9   6,8   14:42    NW
 2  15,5  20,8   14:12  10,3   06:12   3,1   0,3   1,8   0,8   7,5   17:42     E
 3  15,0  20,4   07:42   7,6   23:42   3,4   0,2   0,0   0,8   5,4   15:12   NNW
 4  12,3  19,2   12:12   6,3   03:12   6,0   0,0   0,9   0,8   5,4   11:12    SE
 5  16,0  23,7   12:12   3,6   04:12   3,8   1,5   0,0   0,5   4,1   08:12   NNW
 6  13,4  18,7   14:12  10,9   05:12508000010240,0   0,0   4,2   0,6   7,1   16:53   SSE
 7  14,7  20,9   19:10   8,9   04:37   3,9   0,3   0,3   0,7   6,8   10:21   ESE
 8  16,6  22,3   13:08   7,4   04:23   2,6   0,8   0,3   1,0   7,5   14:15    SE
 9  17,8  23,5   17:38  11,3   23:57   2,0   1,6   0,0   0,8   6,1   02:19    SE
10  20,1  28,6   11:14   8,0   04:15   2,4   4,2   0,0   0,5   6,5   14:21   ESE
11  22,1  32,3   14:02   9,6   03:43   1,9   5,6   0,0   0,4   6,8   14:46   NNW
12  21,6  30,2   09:54   9,9   04:32   2,0   5,3   0,0   0,5   5,8   14:14     N
13  19,8  26,6   15:51  11,1   04:12   1,8   3,3   0,0   0,5   5,8   14:17   ESE
14  19,5  29,0   13:34  11,7   03:42   1,7   2,9   0,0   0,5   5,4   16:07     N
15  17,0  21,3   17:53  12,9   23:59   1,9   0,6   7,2   1,1   9,9   13:06    SE
16  16,9  22,0   18:28  10,1   04:40   2,6   1,2   0,3   0,8   8,8   11:08   ESE
17  18,3  26,9   13:13   8,3   03:57   2,6   2,7   0,0   0,6   6,8   16:44   NNW
18  17,5  23,1   12:59  11,3   23:58   2,0   1,2   0,0   0,6   6,5   14:48   NNW
19  16,3  26,4   12:09  10,5   02:23   4,7   0,6  10,5   0,3  24,1   23:04    SW
20   0,0   0,0   00:18   0,0   00:18  18,3   0,0   0,6  13,7  25,3   11:24   ESE
21   0,0   0,0   00:21   0,0   00:21  18,3   0,0  31,5  19,6  25,5   02:49   WNW
22  10,7  17,7   19:15  -0,4   23:12  14,7   0,01177,8   3,1  59,2   09:39   SSW
23  11,2  27,9   14:45  -0,7   23:12   8,7   1,5   0,6   0,2  57,6   21:20   NNW
24  13,5  30,5   14:00  -1,0   23:12   7,3   2,5   0,0   0,4   5,8   15:50   NNW
25  20,4  33,2   13:03  -1,1   07:12   4,2   6,3   0,0   0,3   5,1   14:06     N
26  26,2  35,8   12:02  14,2   04:53   0,7   8,6   0,0   0,3   4,4   23:17     E
27  25,5  30,3   09:44  16,8   05:00   0,1   7,3   0,0   0,7   7,8   12:36    SE
28  25,2  31,2   11:03  16,7   05:38   0,2   7,2   3,6   0,9   9,2   20:25    SE
29  24,6  31,4   15:22  16,1   04:41   0,2   6,5   0,0   0,4   5,1   10:56    SE
30  14,4  19,5   05:12  11,3   10:26   3,9   0,0   2,1   0,9   9,9   06:16    SE
31  14,8  19,6   14:29  11,7   06:08   3,5   0,1   0,0   0,5   5,4   03:36    SE
----------------------------------------------------------------------------------
    16,6  35,8    26    -1,1    25508000010240,0  73,51242,9   1,0  59,2    22     SSW

Max >=  27,0: 11
Max <=   0,0:  2
Min <=   0,0:  6
Min <= -18,0:  0
Max Rain: 1177,8 on day 22
Days of Rain: 15 (>= 0,2 mm)  7 (>= 2,0 mm)  2 (>= 20,0 mm)
Heat Base: 18,3  Cool Base: 18,3  Method: Integration