NOAA-Style Climate Reports

Select a Year or Month report
2021: Jan Feb Mar Apr Mai Jun Jul Aug Sep Okt Nov Des
2020: Jan Feb Mar Apr Mai Jun Jul Aug Sep Okt Nov Des
2019: Jan Feb Mar Apr Mai Jun Jul Aug Sep Okt Nov Des
2018: Jan Feb Mar Apr Mai Jun Jul Aug Sep Okt Nov Des
2017: Jan Feb Mar Apr Mai Jun Jul Aug Sep Okt Nov Des
2016: Jan Feb Mar Apr Mai Jun Jul Aug Sep Okt Nov Des
2015: Jan Feb Mar Apr Mai Jun Jul Aug Sep Okt Nov Des
2014: Jan Feb Mar Apr Mai Jun Jul Aug Sep Okt Nov Des
2013: Jan Feb Mar Apr Mai Jun Jul Aug Sep Okt Nov Des
2012: Jan Feb Mar Apr Mai Jun Jul Aug Sep Okt Nov Des

Report for 2019 August
                   Monthly Climatological Summary for aug 2019

Name: Kurlandfk.no   City: Kurland, Lørenskog   State: Akershus
Elevation: 177 m  Lat: N 59° 55' 48"   Lon: E 011° 01' 06"

                  Temperature (°C), Rain (mm), Wind Speed (m/s)

                                      Heat  Cool        Avg
    Mean                              Deg   Deg         Wind                 Dom
Day Temp  High   Time   Low    Time   Days  Days  Rain  Speed High   Time    Dir
----------------------------------------------------------------------------------
 1  18,9  27,9   11:17  11,2   03:08   2,2   2,8   0,0   0,2   4,1   15:10    NW
 2  20,7  30,7   13:27  10,0   04:47   2,2   4,6   0,0   0,3   5,1   16:04   ESE
 3  19,3  24,7   17:56  10,9   04:26   1,5   2,5   0,0   0,7   5,8   16:24   SSE
 4  18,2  22,6   13:29  13,9   23:12   1,3   1,2   3,6   0,3   5,1   03:08   NNW
 5  17,0  21,3   13:54  11,1   23:05   1,9   0,6   0,6   0,3   4,1   17:32    NW
 6  17,0  21,1   18:18  11,7   00:00   2,1   0,8   0,6   0,1   3,1   09:50   ENE
 7  19,3  28,5   09:41  10,8   05:19   1,8   2,8   0,0   0,5   6,1   14:40    NW
 8  18,4  25,2   12:36  12,0   02:40   1,9   2,0   0,0   0,3   4,8   17:28   NNW
 9  18,0  29,1   12:50   9,3   05:23   2,6   2,4   0,0   0,2   3,4   12:22    SE
10  16,4  22,1   11:23  13,0   01:56   2,0   0,2   9,6   0,5  10,5   12:10     S
11  17,9  21,2   15:47  15,6   04:48   1,0   0,6  10,2   0,7   7,5   17:02    NW
12  18,0  22,4   14:07  14,1   23:51   1,2   0,9   0,9   0,8   6,8   16:24    NW
13  17,8  25,2   10:40  10,2   23:46   2,3   1,8   0,0   0,4   5,4   12:33   NNW
14  14,2  21,0   13:12   9,2   23:59   4,2   0,1   3,6   0,2   5,4   15:37   ENE
15  14,4  24,4   11:11   5,4   05:19   4,8   0,9   0,0   0,3   5,1   14:19   NNW
16  16,5  22,0   15:03  13,3   03:59   2,4   0,6   1,2   0,3   5,1   22:23   NNW
17  15,1  16,5   18:42  13,7   01:12   3,3   0,0  12,0   0,7   5,4   08:42     S
18  17,6  23,6   10:12  12,7   06:12   1,9   1,3   0,0   0,5   4,8   02:42   WNW
19  15,7  21,2   13:42  10,5   05:42   3,0   0,4   6,9   0,7   5,8   15:42     N
20  16,4  22,1   10:12  10,5   03:42   2,7   0,8   0,3   0,7   4,8   14:42     N
21  17,2  26,3   11:43  10,0   04:10   3,0   1,9   0,0   0,4   5,4   14:07   NNW
22  12,8  19,9   10:24   6,4   05:12   5,5   0,0  11,4   0,5   9,5   17:20    NW
23  17,6  24,9   13:51  11,4   03:16   2,5   1,8   0,3   0,7   7,1   13:33   NNW
24  17,9  28,5   11:21   8,2   05:56   3,1   2,7   0,0   0,2   4,4   12:23     N
25  20,2  27,3   13:35  14,1   00:00   1,1   3,0   0,0   0,5   5,4   17:47   NNW
26  18,8  29,3   12:08  10,5   05:50   2,8   3,3   0,0   0,4   5,8   14:29   NNW
27  19,6  29,2   11:46  10,3   04:33   2,6   3,8   0,0   0,3  52,0   07:51     N
28  18,5  22,3   13:27  13,7   01:47   1,1   1,3   0,3   0,3   4,4   13:28   SSE
29  18,8  22,2   15:51  13,6   23:53   0,5   1,0  15,3   0,6   6,1   19:49   NNW
30  16,0  20,8   11:57  10,2   04:52   2,6   0,3   0,0   1,0   7,8   13:35    NW
31  18,2  22,6   14:46  12,0   23:56   1,1   1,0   0,0   0,8   8,2   10:46    NW
----------------------------------------------------------------------------------
    17,5  30,7     2     5,4    15    72,2  47,4  76,8   0,4  52,0    27     NNW

Max >=  27,0:  8
Max <=   0,0:  0
Min <=   0,0:  0
Min <= -18,0:  0
Max Rain: 15,3 on day 29
Days of Rain: 15 (>= 0,2 mm)  8 (>= 2,0 mm)  0 (>= 20,0 mm)
Heat Base: 18,3  Cool Base: 18,3  Method: Integration