NOAA-Style Climate Reports

Select a Year or Month report
2021: Jan Feb Mar Apr Mai Jun Jul Aug Sep Okt Nov Des
2020: Jan Feb Mar Apr Mai Jun Jul Aug Sep Okt Nov Des
2019: Jan Feb Mar Apr Mai Jun Jul Aug Sep Okt Nov Des
2018: Jan Feb Mar Apr Mai Jun Jul Aug Sep Okt Nov Des
2017: Jan Feb Mar Apr Mai Jun Jul Aug Sep Okt Nov Des
2016: Jan Feb Mar Apr Mai Jun Jul Aug Sep Okt Nov Des
2015: Jan Feb Mar Apr Mai Jun Jul Aug Sep Okt Nov Des
2014: Jan Feb Mar Apr Mai Jun Jul Aug Sep Okt Nov Des
2013: Jan Feb Mar Apr Mai Jun Jul Aug Sep Okt Nov Des
2012: Jan Feb Mar Apr Mai Jun Jul Aug Sep Okt Nov Des

Report for 2019 September
                   Monthly Climatological Summary for sep 2019

Name: Kurlandfk.no   City: Kurland, Lørenskog   State: Akershus
Elevation: 177 m  Lat: N 59° 55' 48"   Lon: E 011° 01' 06"

                  Temperature (°C), Rain (mm), Wind Speed (m/s)

                                      Heat  Cool        Avg
    Mean                              Deg   Deg         Wind                 Dom
Day Temp  High   Time   Low    Time   Days  Days  Rain  Speed High   Time    Dir
----------------------------------------------------------------------------------
 1  16,0  22,3   10:57   9,6   23:59   3,0   0,7  18,6   0,4   5,8   12:41   NNW
 2  14,2  24,5   11:12   5,4   05:47   5,4   1,3   0,0   0,4   5,8   16:03     N
 3  12,4  19,1   14:47   6,3   23:52   5,9   0,0   2,1   0,4   6,1   16:35   SSE
 4  10,0  14,8   20:06   4,9   02:51   8,3   0,0  29,1   0,4   6,8   19:56   ESE
 5  13,2  20,4   10:45   4,9   23:44   5,3   0,1   2,4   0,4   5,4   14:23   NNW
 6  10,2  16,9   13:16   2,9   06:20   8,1   0,0  14,7   0,2   6,5   14:39   NNW
 7  10,7  13,1   09:15   7,2   22:51   7,6   0,0  28,2   0,4   6,1   14:12    SE
 8  10,5  13,3   17:46   8,5   07:56   7,8   0,0   0,0   0,7   5,1   07:11    SE
 9  11,6  14,1   15:30   7,7   01:47   6,7   0,0   0,0   1,0   6,8   07:23    SE
10  14,3  18,6   17:37  12,3   02:26   4,0   0,0   0,6   0,9   5,4   10:59    SE
11  14,2  20,7   10:44  12,0   02:55   4,1   0,0   0,0   0,5   7,5   11:39    NW
12  14,3  20,7   12:06   8,7   03:44   4,2   0,2   0,0   0,7   6,5   14:36   NNW
13  13,4  20,1   12:10   6,7   06:27   5,1   0,2   0,0   1,1   8,8   17:51   NNW
14  10,5  14,2   14:13   5,4   03:18   7,8   0,0   0,0   0,7  11,2   22:20   NNW
15  14,3  19,2   12:04  10,0   07:08   4,1   0,0   0,0   1,6  10,9   19:59   NNW
16  12,3  19,7   11:19   4,5   22:35   6,1   0,1   0,0   0,8   8,2   00:25   NNW
17   8,7  13,8   15:55   3,4   07:09   9,6   0,0   0,0   0,5   7,8   11:18   ESE
18   9,2  18,4   10:52   1,9   04:43   9,1   0,0   0,0   0,4   6,8   11:16     E
19   7,8  16,1   13:41   0,4   06:41  10,5   0,0   0,0   0,1   2,0   12:41     N
20  12,2  21,2   13:11   5,2   07:11   6,5   0,5   0,0   0,3   3,4   13:41   NNW
21  13,5  26,4   12:41   3,3   06:41   6,6   1,8   0,0   0,2   2,4   14:41   WNW
22  12,1  19,3   15:41   5,1   03:41   6,3   0,1   0,0   0,6   4,8   21:41   SSE
23   9,9  13,6   17:11   5,8   21:22   8,4   0,0   0,0   0,2   3,4   11:11   ESE
24  10,1  12,0   15:59   7,9   00:00   8,2   0,0   0,0   0,1   2,0   03:45    SE
25  10,0  13,0   14:18   5,7   06:08   8,3   0,0   0,0   0,3   4,4   12:55    SE
26  10,1  12,8   16:16   8,5   03:55   8,2   0,0   0,0   0,3   3,4   15:08    SE
27  10,0  10,8   02:59   9,1   08:27   8,3   0,0   0,0   1,6   8,8   16:52    SE
28  11,2  14,8   13:27   8,0   23:19   7,1   0,0   0,0   0,2   3,7   14:07    SE
29  11,1  16,6   15:38   5,5   22:44   7,2   0,0   0,0   0,1   2,7   05:17    SE
30   6,3  10,5   14:23   1,2   22:16  12,0   0,0   0,0   0,5   7,1   08:59    SE
----------------------------------------------------------------------------------
    11,5  26,4    21     0,4    19   209,8   5,0  95,7   0,6  11,2    14     ENE

Max >=  27,0:  0
Max <=   0,0:  0
Min <=   0,0:  0
Min <= -18,0:  0
Max Rain: 29,1 on day 4
Days of Rain: 7 (>= 0,2 mm)  6 (>= 2,0 mm)  2 (>= 20,0 mm)
Heat Base: 18,3  Cool Base: 18,3  Method: Integration