NOAA-Style Climate Reports

Select a Year or Month report
2021: Jan Feb Mar Apr Mai Jun Jul Aug Sep Okt Nov Des
2020: Jan Feb Mar Apr Mai Jun Jul Aug Sep Okt Nov Des
2019: Jan Feb Mar Apr Mai Jun Jul Aug Sep Okt Nov Des
2018: Jan Feb Mar Apr Mai Jun Jul Aug Sep Okt Nov Des
2017: Jan Feb Mar Apr Mai Jun Jul Aug Sep Okt Nov Des
2016: Jan Feb Mar Apr Mai Jun Jul Aug Sep Okt Nov Des
2015: Jan Feb Mar Apr Mai Jun Jul Aug Sep Okt Nov Des
2014: Jan Feb Mar Apr Mai Jun Jul Aug Sep Okt Nov Des
2013: Jan Feb Mar Apr Mai Jun Jul Aug Sep Okt Nov Des
2012: Jan Feb Mar Apr Mai Jun Jul Aug Sep Okt Nov Des

Report for 2019 Oktober
                   Monthly Climatological Summary for okt 2019

Name: Kurlandfk.no   City: Kurland, Lørenskog   State: Akershus
Elevation: 177 m  Lat: N 59° 55' 48"   Lon: E 011° 01' 06"

                  Temperature (°C), Rain (mm), Wind Speed (m/s)

                                      Heat  Cool        Avg
    Mean                              Deg   Deg         Wind                 Dom
Day Temp  High   Time   Low    Time   Days  Days  Rain  Speed High   Time    Dir
----------------------------------------------------------------------------------
 1   7,8  15,4   10:40   1,3   07:36  10,5   0,0   0,0   0,5   5,8   11:31   NNW
 2   8,0  10,5   15:43   5,2   04:13  10,3   0,0   0,0   1,1   8,5   10:01    SE
 3   4,9   6,4   15:41   3,0   12:30  13,4   0,0   0,0   0,4   6,1   22:46    SE
 4   3,5   7,3   14:26   0,0   23:24  14,8   0,0   0,0   0,6   5,8   13:15    SE
 5   2,2   9,9   12:04  -3,4   23:21  16,1   0,0   0,0   0,1   4,1   13:31   ESE
 6   1,4  10,7   15:57  -3,5   23:51  16,9   0,0   0,0   0,2   3,7   15:24   ESE
 7   1,3  11,1   11:03  -4,7   07:03  17,0   0,0   0,0   0,1   3,7   13:15    SE
 8   2,7   4,9   15:52   0,0   00:28  15,6   0,0   0,0   0,1   2,4   11:52   ESE
 9   4,7   5,4   13:28   4,0   07:42  13,6   0,0   0,0   0,4   3,7   03:24    SE
10   7,3   9,8   15:32   5,2   00:00  11,0   0,0   0,0   0,2   3,1   14:06   NNW
11   7,1   9,1   00:08   1,8   07:49  11,2   0,0   0,0   0,1   3,4   15:07   ESE
12   8,3  13,7   12:55   3,4   23:59  10,0   0,0   0,0   0,3   4,1   12:55   NNW
13   5,9  13,6   11:26   0,1   04:27  12,4   0,0   0,0   0,2   3,1   13:24    SE
14   7,2  10,8   13:18   4,4   19:30  11,1   0,0   0,0   0,5   3,7   03:36    SE
15   6,5   7,4   03:44   5,0   00:00  11,8   0,0   0,0   0,8   7,8   17:37    SE
16   6,2   7,3   19:59   5,0   00:25  12,1   0,0   0,0   1,0   4,8   05:07    SE
17   6,9   8,0   15:13   6,2   07:09  11,4   0,0   0,0   0,7   4,8   02:09   ESE
18   7,9  11,1   15:40   6,8   00:40  10,4   0,0   0,0   0,3   3,7   17:24   ESE
19   6,9   9,4   12:59   1,8   23:08  11,4   0,0   0,0   0,6   5,8   01:06   ESE
20   5,3   6,3   05:45   2,5   00:00  13,0   0,0   0,0   0,8   5,1   15:31    SE
21   4,4   5,8   14:44   3,1   08:40  13,9   0,0   0,0   0,3   5,1   22:54    SE
22   7,6  10,1   14:25   4,6   04:48  10,7   0,0   0,0   1,1   7,1   09:42    NW
23   9,7  11,9   14:51   7,9   05:09   8,6   0,0   0,0   0,8   6,8   20:11    NW
24   9,5  11,5   19:18   6,5   06:49   8,8   0,0   0,0   0,4   6,1   00:49    NW
25   9,8  12,8   06:30   4,2   20:21   8,5   0,0   0,0   0,8   7,8   07:54   NNW
26   5,2   7,0   14:23   4,1   04:53  13,1   0,0   0,0   0,1   4,1   02:28   WNW
27   2,7  10,0   10:57  -2,2   20:41  16,3   0,0   0,0   0,2   3,7   12:13     N
28   1,2   9,3   11:44  -2,2   22:41  17,1   0,0   0,0   0,0   1,7   12:49    SE
29  -0,1   8,1   11:34  -3,7   23:48  18,4   0,0   0,0   0,1   3,7   14:10     W
30  -0,8   5,5   11:43  -4,7   03:18  19,1   0,0   0,0   0,0   1,7   13:44   SSW
31   1,4   7,5   14:54  -1,8   22:48  16,9   0,0   0,0   0,0   2,4   14:59    NW
----------------------------------------------------------------------------------
     5,2  15,4     1    -4,7     7   405,4   0,0   0,0   0,4   8,5     2     ESE

Max >=  27,0:  0
Max <=   0,0:  0
Min <=   0,0: 10
Min <= -18,0:  0
Max Rain: 0,0 on day 0
Days of Rain: 0 (>= 0,2 mm)  0 (>= 2,0 mm)  0 (>= 20,0 mm)
Heat Base: 18,3  Cool Base: 18,3  Method: Integration