NOAA-Style Climate Reports

Select a Year or Month report
2021: Jan Feb Mar Apr Mai Jun Jul Aug Sep Okt Nov Des
2020: Jan Feb Mar Apr Mai Jun Jul Aug Sep Okt Nov Des
2019: Jan Feb Mar Apr Mai Jun Jul Aug Sep Okt Nov Des
2018: Jan Feb Mar Apr Mai Jun Jul Aug Sep Okt Nov Des
2017: Jan Feb Mar Apr Mai Jun Jul Aug Sep Okt Nov Des
2016: Jan Feb Mar Apr Mai Jun Jul Aug Sep Okt Nov Des
2015: Jan Feb Mar Apr Mai Jun Jul Aug Sep Okt Nov Des
2014: Jan Feb Mar Apr Mai Jun Jul Aug Sep Okt Nov Des
2013: Jan Feb Mar Apr Mai Jun Jul Aug Sep Okt Nov Des
2012: Jan Feb Mar Apr Mai Jun Jul Aug Sep Okt Nov Des

Report for 2019 November
                   Monthly Climatological Summary for nov 2019

Name: Kurlandfk.no   City: Kurland, Lørenskog   State: Akershus
Elevation: 177 m  Lat: N 59° 55' 48"   Lon: E 011° 01' 06"

                  Temperature (°C), Rain (mm), Wind Speed (m/s)

                                      Heat  Cool        Avg
    Mean                              Deg   Deg         Wind                 Dom
Day Temp  High   Time   Low    Time   Days  Days  Rain  Speed High   Time    Dir
----------------------------------------------------------------------------------
 1  -0,5   1,8   13:56  -3,9   06:32  18,8   0,0   0,0   0,1   2,4   22:13   NNE
 2   1,8   3,4   13:45  -0,3   23:58  16,6   0,0   0,0   0,7   4,8   16:15    SE
 3   0,5   2,0   13:41  -0,6   01:10  17,8   0,0   0,0   1,2   6,1   22:36    SE
 4  -0,9   1,0   12:57  -3,1   23:13  19,2   0,0   0,0   1,6   6,8   11:31    SE
 5  -3,8  -1,7   13:23  -5,6   21:59  22,1   0,0   0,0   1,3   5,4   14:54    SE
 6  -4,9  -4,9   00:00  -4,9   00:00  23,2   0,0   0,0   1,0   2,0   00:00     E
 7  -4,9  -4,9   00:00  -4,9   00:00  23,2   0,0   0,0   1,0   2,0   00:00     E
 8  -4,9  -4,9   00:00  -4,9   00:00  23,2   0,0   0,0   1,0   2,0   00:00     E
 9  -2,0  -0,8   13:29  -4,9   00:00  20,3   0,0   0,0   1,4  11,9   11:44   ESE
10  -1,3  -0,9   14:15  -2,0   05:34  19,6   0,0   0,0   0,6   3,7   04:43   ESE
11  -0,9  -0,9   00:00  -0,9   00:00  19,2   0,0   0,0   0,2   0,7   00:00     N
12   0,7   2,9   11:59  -0,9   00:00  17,6   0,0   0,0   0,9   3,4   11:30   SSE
13   2,1   3,4   14:50   1,4   22:32  16,2   0,0   0,0   1,1   3,1   00:00     S
14   2,2   3,2   12:23   1,5   22:09  16,1   0,0   0,0   0,2   2,4   00:12     E
15   2,2   2,8   11:26   1,6   04:56  16,0   0,0   0,0   0,5   3,7   14:42    SE
16   1,5   2,1   04:03  -2,6   06:59  16,8   0,0   0,0   1,3  46,9   03:03    SE
17   1,8   2,9   13:50   1,4   20:21  16,5   0,0   0,0   0,4   2,4   00:00   SSE
18   1,9   3,8   23:45   1,5   00:00  16,4   0,0   0,0   0,7   2,7   03:06    SE
19   3,8   5,5   13:32   2,2   05:08  14,5   0,0  19,8   0,3   3,4   19:18   WSW
20   0,8   2,3   00:00  -1,1   06:39  17,5   0,0   0,3   0,4   3,7   18:47   ESE
21   3,2   4,4   20:53   1,7   00:00  15,1   0,0  18,6   1,2   5,1   09:34   ESE
22   4,8   5,4   05:18   3,9   00:00  13,5   0,0   6,9   0,7   4,4   09:16   ESE
23   4,4   4,9   13:19   3,9   03:59  13,9   0,0   6,9   0,6   4,1   19:30    SE
24   3,6   4,4   00:00   3,5   06:27  14,7   0,0   0,3   0,4   3,4   05:33   SSE
25   3,5   3,5   00:00   3,5   00:00  14,8   0,0   0,0   0,3   1,0   00:00   SSE
26   2,0   7,7   06:51   1,2   06:38  16,3   0,0   4,8   0,3   1,7   10:46    SE
27   1,4   1,4   00:00   1,4   00:00  16,9   0,0   0,0   0,3   1,0   00:00     E
28   1,4   1,4   00:00   1,4   00:00  16,9   0,0   0,0   0,3   1,0   00:00     E
29   1,4   1,4   00:00   1,4   00:00  16,9   0,0   0,0   0,3   1,0   00:00     E
----------------------------------------------------------------------------------
     0,7   7,7    26    -5,6     5   509,8   0,0  57,6   0,7  46,9    16      SE

Max >=  27,0:  0
Max <=   0,0:  7
Min <=   0,0: 14
Min <= -18,0:  0
Max Rain: 19,8 on day 19
Days of Rain: 7 (>= 0,2 mm)  5 (>= 2,0 mm)  0 (>= 20,0 mm)
Heat Base: 18,3  Cool Base: 18,3  Method: Integration