NOAA-Style Climate Reports

Select a Year or Month report
2021: Jan Feb Mar Apr Mai Jun Jul Aug Sep Okt Nov Des
2020: Jan Feb Mar Apr Mai Jun Jul Aug Sep Okt Nov Des
2019: Jan Feb Mar Apr Mai Jun Jul Aug Sep Okt Nov Des
2018: Jan Feb Mar Apr Mai Jun Jul Aug Sep Okt Nov Des
2017: Jan Feb Mar Apr Mai Jun Jul Aug Sep Okt Nov Des
2016: Jan Feb Mar Apr Mai Jun Jul Aug Sep Okt Nov Des
2015: Jan Feb Mar Apr Mai Jun Jul Aug Sep Okt Nov Des
2014: Jan Feb Mar Apr Mai Jun Jul Aug Sep Okt Nov Des
2013: Jan Feb Mar Apr Mai Jun Jul Aug Sep Okt Nov Des
2012: Jan Feb Mar Apr Mai Jun Jul Aug Sep Okt Nov Des

Report for 2019 Desember
                   Monthly Climatological Summary for des 2019

Name: Kurlandfk.no   City: Kurland, Lørenskog   State: Akershus
Elevation: 177 m  Lat: N 59° 55' 48"   Lon: E 011° 01' 06"

                  Temperature (°C), Rain (mm), Wind Speed (m/s)

                                      Heat  Cool        Avg
    Mean                              Deg   Deg         Wind                 Dom
Day Temp  High   Time   Low    Time   Days  Days  Rain  Speed High   Time    Dir
----------------------------------------------------------------------------------
 1   0,0   0,0   00:00   0,0   00:00   0,0   0,0   0,0   0,0   0,0   00:00   ---
 2   0,0   0,0   00:15   0,0   00:15  13,7   0,0   0,0   0,0   0,0   00:15   ---
 3   0,0   0,0   00:15   0,0   00:15  17,9   0,0   0,0   0,0   0,0   00:15   ---
 4   0,0   0,0   00:00   0,0   00:00   0,0   0,0   0,0   0,0   0,0   00:00   ---
 5   0,0   0,0   00:15   0,0   00:15  13,0   0,0   0,0   0,0   0,0   00:15   ---
 6   0,0   0,0   00:00   0,0   00:00   0,0   0,0   0,0   0,0   0,0   00:00   ---
 7  -1,0   4,7   13:46  -3,3   23:56  19,3   0,02587,2   0,0   0,0   00:16   ---
 8  -0,7   2,4   23:29  -3,7   02:25  19,0   0,0   0,0   0,0   6,8   23:28   WNW
 9   0,5   3,0   08:45  -5,0   22:17  17,8   0,0   4,5   0,9   7,8   12:39    SE
10  -4,3   2,2   23:50 -10,0   09:13  22,6   0,0   4,8   0,4   8,5   21:02   WSW
11   3,7   5,6   06:30   2,1   00:19  14,6   0,0   5,7   1,4  11,2   00:39    NW
12   3,2   4,2   02:22   1,7   22:06  15,0   0,0   4,8   0,6   6,1   01:46     W
13   1,8   2,5   12:46   0,8   23:36  16,5   0,0   1,8   0,5   5,4   06:55     S
14   1,3   1,9   21:28   0,8   00:00  17,0   0,0   3,6   0,6   3,7   01:16   SSE
15   1,1   1,5   12:48   0,1   23:49  17,3   0,0   2,4   0,2   3,1   08:25    SE
16  -0,3   0,6   21:49  -2,0   04:19  18,6   0,0   0,0   0,0   0,0   00:19   ---
17  -1,7   0,5   00:15  -3,4   23:24  20,0   0,0   0,0   0,0   0,0   00:00   ---
18  -5,3  -2,8   10:22  -9,6   23:51  23,6   0,0   0,0   0,0   0,0   00:00   ---
19  -6,4  -0,7   23:48 -10,8   02:48  24,7   0,0   0,0   0,0   0,0   00:00   ---
20   0,4   1,7   23:19  -0,7   00:00  17,9   0,0   0,3   0,0   3,7   23:04   SSE
21   1,5   2,1   13:31   0,9   04:26  16,8   0,0   3,9   0,1   4,1   01:04   SSE
22   1,2   1,8   10:58   0,5   19:17  17,1   0,0   0,6   0,2   2,4   16:26   SSE
23   0,4   1,1   01:13  -0,2   22:28  17,9   0,0   0,0   0,6   3,1   03:17    SE
24   0,4   0,8   11:20  -0,2   03:30  17,9   0,0   0,0   0,1   2,7   03:06   SSE
25  -1,2  26,3   12:38  -6,1   21:57  19,6   0,0   0,0   2,1   0,0   00:00   ---
26  -5,9  -3,0   22:48  -8,3   17:43  24,2   0,0   0,0   0,0   0,0   00:00   ---
27  -5,3  -3,3   00:00  -7,4   07:22  23,6   0,0   0,0   0,0   0,0   00:00   ---
28  -1,3   2,7   23:42  -4,4   00:00  19,6   0,0   4,8   0,1   6,1   23:04    NW
29   4,7   6,2   15:33   2,7   00:00  13,6   0,0   3,0   1,0   9,2   03:01   NNW
30   4,5   6,7   12:48  -0,6   23:22  13,8   0,0   0,0   0,6   6,8   00:21   NNW
31  -0,2   4,2   02:25  -2,7   09:01  18,5   0,0   0,0   0,4   7,5   22:39    NW
----------------------------------------------------------------------------------
    -0,3  26,3    25   -10,8    19   511,1   0,02627,4   0,4  11,2    11      NW

Max >=  27,0:  0
Max <=   0,0: 10
Min <=   0,0: 23
Min <= -18,0:  0
Max Rain: 2587,2 on day 7
Days of Rain: 13 (>= 0,2 mm)  10 (>= 2,0 mm)  1 (>= 20,0 mm)
Heat Base: 18,3  Cool Base: 18,3  Method: Integration