NOAA-Style Climate Reports

Select a Year or Month report
2021: Jan Feb Mar Apr Mai Jun Jul Aug Sep Okt Nov Des
2020: Jan Feb Mar Apr Mai Jun Jul Aug Sep Okt Nov Des
2019: Jan Feb Mar Apr Mai Jun Jul Aug Sep Okt Nov Des
2018: Jan Feb Mar Apr Mai Jun Jul Aug Sep Okt Nov Des
2017: Jan Feb Mar Apr Mai Jun Jul Aug Sep Okt Nov Des
2016: Jan Feb Mar Apr Mai Jun Jul Aug Sep Okt Nov Des
2015: Jan Feb Mar Apr Mai Jun Jul Aug Sep Okt Nov Des
2014: Jan Feb Mar Apr Mai Jun Jul Aug Sep Okt Nov Des
2013: Jan Feb Mar Apr Mai Jun Jul Aug Sep Okt Nov Des
2012: Jan Feb Mar Apr Mai Jun Jul Aug Sep Okt Nov Des

Report for 2020
                   Annual Climatological Summary for 2020

Name: Kurlandfk.no   City: Kurland, Lørenskog   State: Akershus
Elevation: 177 m  Lat: N 59° 55' 48"   Lon: E 011° 01' 06"

                  Temperature (°C), Heat Base: 18,3  Cool Base: 18,3
                          Dep.  Heat  Cool                       Max  Max  Min  Min
        Mean  Mean        From  Deg   Deg                        >=   <=   <=   <=
 YR MO  Max   Min   Mean  Norm  Days  Days  Hi  Date  Low  Date 27,0  0,0  0,0 -18,0
------------------------------------------------------------------------------------
 20  1   5,0  -0,5   2,6   0.0   486     0   8,2   8  -7,5   10    0    0   15    0
 20  2   5,4  -2,8   1,3   0.0   494     0  11,4  19 -10,4   27    0    3   19    0
 20  3   7,5  -1,2   2,9   0.0   477     0  13,7  31  -8,8   14    0    0   16    0
 20  4  14,3   0,0   7,5   0.0   327     2  25,1  22  -4,6   11    0    0   16    0
 20  5  18,2   2,7  10,8   0.0   241    10  25,9  29  -4,0   13    0    0    8    0
 20  6  26,5  11,6  19,5   0.0    74   124  34,0  27   6,3   10   16    0    0    0
 20  7  22,1   5,3  15,2   0.0   134    26  28,1  30 -12,3    5    1    0    7    0
 20  8  25,3  10,3  17,5   0.0    89    63  35,4  18   2,7   25   12    0    0    0
 20  9  21,2   6,8  13,4   0.0    84     6  25,1   2   2,0    1    0    0    0    0
 20 10
 20 11
 20 12
------------------------------------------------------------------------------------
        16,2   3,6  10,1   0.0  2410   233  35,4 aug -12,3  jul   29    3   81    0

                                Precipitation (mm)

              Dep.   Max        Days of Rain
              From   Obs.           >=
 YR MO Total  Norm   Day Date  0,2  2,0 20,0
---------------------------------------------
 20  1  56,1   0.0  13,5  17    16    8    0
 20  2  55,5   0.0  15,9   9    13    4    0
 20  3  36,6   0.0   7,8   8    12    6    0
 20  4  35,4   0.0  17,7  27     7    2    0
 20  5   0,0   0.0   0,0   0     0    0    0
 20  6   0,0   0.0   0,0   0     0    0    0
 20  7   0,0   0.0   0,0   0     0    0    0
 20  8   1,5   0.0   0,3   2     5    0    0
 20  9   0,3   0.0   0,3   3     1    0    0
 20 10
 20 11
 20 12
---------------------------------------------
       185,4   0.0  17,7  apr   54   20    0

                                Wind Speed (m/s)
                          Dom
 YR MO   Avg.  Hi   Date  Dir
------------------------------
 20  1   0,8  15,3   11   NNW
 20  2   0,9  13,9   16    NW
 20  3   0,8  14,3   24    NW
 20  4   0,8  16,3   13     E
 20  5   0,7  36,7   22    NE
 20  6   0,6   9,5    4   SSE
 20  7   0,5  59,2    2    NE
 20  8   0,4  46,2   23   NNE
 20  9   0,5  11,9   16     N
 20 10
 20 11
 20 12
------------------------------
         0,7  59,2  jul     N