NOAA-Style Climate Reports

Select a Year or Month report
2021: Jan Feb Mar Apr Mai Jun Jul Aug Sep Okt Nov Des
2020: Jan Feb Mar Apr Mai Jun Jul Aug Sep Okt Nov Des
2019: Jan Feb Mar Apr Mai Jun Jul Aug Sep Okt Nov Des
2018: Jan Feb Mar Apr Mai Jun Jul Aug Sep Okt Nov Des
2017: Jan Feb Mar Apr Mai Jun Jul Aug Sep Okt Nov Des
2016: Jan Feb Mar Apr Mai Jun Jul Aug Sep Okt Nov Des
2015: Jan Feb Mar Apr Mai Jun Jul Aug Sep Okt Nov Des
2014: Jan Feb Mar Apr Mai Jun Jul Aug Sep Okt Nov Des
2013: Jan Feb Mar Apr Mai Jun Jul Aug Sep Okt Nov Des
2012: Jan Feb Mar Apr Mai Jun Jul Aug Sep Okt Nov Des

Report for 2020 Februar
                   Monthly Climatological Summary for feb 2020

Name: Kurlandfk.no   City: Kurland, Lørenskog   State: Akershus
Elevation: 177 m  Lat: N 59° 55' 48"   Lon: E 011° 01' 06"

                  Temperature (°C), Rain (mm), Wind Speed (m/s)

                                      Heat  Cool        Avg
    Mean                              Deg   Deg         Wind                 Dom
Day Temp  High   Time   Low    Time   Days  Days  Rain  Speed High   Time    Dir
----------------------------------------------------------------------------------
 1   4,8   6,4   13:13   1,2   01:15  13,5   0,0   1,2   0,8   8,5   16:08   NNW
 2   0,8   4,3   00:00  -3,8   23:58  17,6   0,0   0,3   0,5   6,1   13:06     N
 3  -2,2   0,7   12:16  -5,8   07:45  20,5   0,0   0,0   0,2   3,7   22:39   SSE
 4  -3,2  -0,2   14:55  -9,0   23:29  21,5   0,0   0,0   0,7   6,1   02:41   SSE
 5  -0,6   4,0   20:11  -9,7   01:35  18,9   0,0   0,6   0,7   8,2   20:04   NNW
 6   0,0   7,9   11:32  -2,5   05:28  18,3   0,0   0,3   0,1   2,0   01:25    SW
 7  -0,2   3,4   14:05  -5,4   07:54  18,5   0,0   0,0   0,3   6,5   23:32   NNW
 8   3,1   4,1   23:26   2,6   00:00  15,2   0,0   1,8   0,7   6,5   13:18    NW
 9   4,4   7,0   20:57   2,0   17:53  13,9   0,0  15,9   1,8  12,9   16:32    NW
10   4,9   6,5   10:55   2,0   23:52  13,4   0,0   0,3   1,5  10,5   03:22   NNW
11   2,5   6,2   12:14   0,8   02:57  15,8   0,0   0,0   0,9   8,5   23:36    NW
12   2,4   7,9   11:30  -1,6   21:47  15,9   0,0   0,0   0,7   8,2   00:36   NNW
13  -0,4   6,3   11:33  -4,7   21:38  18,7   0,0   0,0   0,3   5,4   01:32   NNW
14  -1,1   7,0   11:35  -6,9   07:46  19,4   0,0   1,2   0,3   9,5   23:45    NW
15   5,0   9,6   12:14   2,6   00:00  13,3   0,0   8,1   1,0  11,2   03:09   WNW
16   5,9   8,0   13:15   2,7   22:45  12,4   0,0  10,5   1,8  13,9   05:15    NW
17   5,5   7,9   13:52   2,8   00:13  13,1   0,0   0,0   2,0  12,9   05:53    NW
18   4,5   6,9   15:17   1,1   04:37  13,8   0,0   0,0   1,3  10,2   03:21    NW
19   0,9  11,4   11:50  -4,2   23:53  17,4   0,0   0,0   0,1   4,8   00:37    NW
20   1,9   6,3   21:40  -4,8   03:15  16,4   0,0  13,5   0,9  10,2   09:55   WNW
21   3,6   5,9   10:28  -0,1   04:28  14,7   0,0   0,3   1,2  13,6   18:32    NW
22   5,5  10,1   12:16   1,8   19:56  12,8   0,0   1,5   1,9  11,6   12:43   NNW
23   3,1   8,6   12:28  -2,2   22:40  15,2   0,0   0,0   0,8   8,5   00:27     N
24   0,7   8,0   12:02  -3,2   08:37  17,6   0,0   0,0   0,2   4,8   10:49   NNW
25  -0,2   2,1   14:56  -2,0   05:43  18,5   0,0   0,0   1,6   8,5   20:30   SSE
26  -2,9   0,3   11:35  -9,3   23:59  21,2   0,0   0,0   1,1   7,8   12:03    SE
27  -5,7  -0,6   15:49 -10,4   02:35  24,0   0,0   0,0   0,3   4,4   12:58   SSE
28  -3,9   2,4   15:01  -9,8   05:35  22,2   0,0   0,0   0,2   4,8   14:31     N
29  -2,6  -0,7   23:27  -5,1   01:03  20,9   0,0   0,0   0,8   6,1   20:45    SE
----------------------------------------------------------------------------------
     1,3  11,4    19   -10,4    27   494,6   0,0  55,5   0,9  13,9    16      NW

Max >=  27,0:  0
Max <=   0,0:  3
Min <=   0,0: 19
Min <= -18,0:  0
Max Rain: 15,9 on day 9
Days of Rain: 13 (>= 0,2 mm)  4 (>= 2,0 mm)  0 (>= 20,0 mm)
Heat Base: 18,3  Cool Base: 18,3  Method: Integration