NOAA-Style Climate Reports

Select a Year or Month report
2021: Jan Feb Mar Apr Mai Jun Jul Aug Sep Okt Nov Des
2020: Jan Feb Mar Apr Mai Jun Jul Aug Sep Okt Nov Des
2019: Jan Feb Mar Apr Mai Jun Jul Aug Sep Okt Nov Des
2018: Jan Feb Mar Apr Mai Jun Jul Aug Sep Okt Nov Des
2017: Jan Feb Mar Apr Mai Jun Jul Aug Sep Okt Nov Des
2016: Jan Feb Mar Apr Mai Jun Jul Aug Sep Okt Nov Des
2015: Jan Feb Mar Apr Mai Jun Jul Aug Sep Okt Nov Des
2014: Jan Feb Mar Apr Mai Jun Jul Aug Sep Okt Nov Des
2013: Jan Feb Mar Apr Mai Jun Jul Aug Sep Okt Nov Des
2012: Jan Feb Mar Apr Mai Jun Jul Aug Sep Okt Nov Des

Report for 2020 Mars
                   Monthly Climatological Summary for mar 2020

Name: Kurlandfk.no   City: Kurland, Lørenskog   State: Akershus
Elevation: 177 m  Lat: N 59° 55' 48"   Lon: E 011° 01' 06"

                  Temperature (°C), Rain (mm), Wind Speed (m/s)

                                      Heat  Cool        Avg
    Mean                              Deg   Deg         Wind                 Dom
Day Temp  High   Time   Low    Time   Days  Days  Rain  Speed High   Time    Dir
----------------------------------------------------------------------------------
 1   1,1   2,8   19:43  -0,8   00:00  17,2   0,0   7,2   0,8   7,1   01:21   SSE
 2   3,3   5,5   11:24   1,0   19:05  15,0   0,0   1,5   0,8   9,2   04:39    NW
 3   1,3   2,5   11:05   0,4   18:30  17,0   0,0   0,3   1,0   9,9   08:12   SSE
 4   0,7   1,6   14:05   0,1   07:23  17,5   0,0   0,3   0,1   4,1   15:32    SE
 5   0,0  10,7   10:43  -5,1   23:00  18,3   0,0   2,7   0,0   1,4   12:47   NNE
 6  -2,2   0,2   15:59  -4,2   00:00  20,5   0,0   0,0   0,1   2,4   19:48   ESE
 7  -0,9   2,1   13:56  -3,4   02:15  19,2   0,0   0,0   0,3   5,1   23:03    NW
 8   4,1   5,7   13:07   0,3   00:00  14,2   0,0   7,8   1,3   8,8   13:27    NW
 9   4,8   8,6   12:06   2,2   05:43  13,5   0,0   0,3   0,6   6,5   22:56   NNW
10   3,4   5,7   12:44   2,0   23:55  15,1   0,0   5,7   0,4   5,1   13:34    SW
11   4,8  10,2   12:25   1,0   02:55  13,5   0,0   2,1   0,7   5,1   21:25   NNW
12   2,9   7,6   15:25  -0,6   06:55  15,4   0,0   0,0   0,6   7,5   20:35     N
13   0,7   3,9   11:58  -5,2   23:52  17,6   0,0   0,3   1,0  10,2   15:07    SE
14  -0,7   7,0   10:18  -8,8   06:42  19,0   0,0   0,0   0,7   8,8   20:41    NW
15   4,3   6,2   15:25   1,8   04:46  14,2   0,0   7,5   1,6  13,9   12:09    NW
16   4,0   8,8   16:14   1,8   03:22  14,3   0,0   0,0   0,8   7,1   07:37   SSE
17   7,1  12,0   11:16   3,0   02:49  11,2   0,0   0,0   1,5  10,9   09:07    NW
----------------------------------------------------------------------------------
     2,3  12,0    17    -8,8    14   272,7   0,0  35,7   0,7  13,9    15      NW

Max >=  27,0:  0
Max <=   0,0:  0
Min <=   0,0:  7
Min <= -18,0:  0
Max Rain: 7,8 on day 8
Days of Rain: 11 (>= 0,2 mm)  6 (>= 2,0 mm)  0 (>= 20,0 mm)
Heat Base: 18,3  Cool Base: 18,3  Method: Integration