NOAA-Style Climate Reports

Select a Year or Month report
2021: Jan Feb Mar Apr Mai Jun Jul Aug Sep Okt Nov Des
2020: Jan Feb Mar Apr Mai Jun Jul Aug Sep Okt Nov Des
2019: Jan Feb Mar Apr Mai Jun Jul Aug Sep Okt Nov Des
2018: Jan Feb Mar Apr Mai Jun Jul Aug Sep Okt Nov Des
2017: Jan Feb Mar Apr Mai Jun Jul Aug Sep Okt Nov Des
2016: Jan Feb Mar Apr Mai Jun Jul Aug Sep Okt Nov Des
2015: Jan Feb Mar Apr Mai Jun Jul Aug Sep Okt Nov Des
2014: Jan Feb Mar Apr Mai Jun Jul Aug Sep Okt Nov Des
2013: Jan Feb Mar Apr Mai Jun Jul Aug Sep Okt Nov Des
2012: Jan Feb Mar Apr Mai Jun Jul Aug Sep Okt Nov Des

Report for 2020 April
                   Monthly Climatological Summary for apr 2020

Name: Kurlandfk.no   City: Kurland, Lørenskog   State: Akershus
Elevation: 177 m  Lat: N 59° 55' 48"   Lon: E 011° 01' 06"

                  Temperature (°C), Rain (mm), Wind Speed (m/s)

                                      Heat  Cool        Avg
    Mean                              Deg   Deg         Wind                 Dom
Day Temp  High   Time   Low    Time   Days  Days  Rain  Speed High   Time    Dir
----------------------------------------------------------------------------------
 1   5,8  11,2   12:56  -0,4   02:56  12,5   0,0   0,0   0,6   5,8   22:56    NW
 2   3,7  10,7   11:26  -1,5   03:56  14,6   0,0   1,2   1,4   8,5   19:26   NNW
 3   3,7  11,0   12:26  -3,5   05:26  14,5   0,0   0,0   0,7   6,1   19:56     N
 4   3,6  10,5   11:26  -4,3   05:26  14,7   0,0   0,0   0,5   4,8   12:26    NW
 5   5,6  10,0   16:53   2,4   03:26  12,5   0,0   1,8   0,5   5,8   14:15   NNW
 6   9,1  17,8   12:27  -0,2   06:49   9,2   0,0   0,0   0,6   7,5   19:54   NNW
 7  10,5  18,4   11:23   0,8   23:53   7,8   0,0   0,6   0,7   8,5   09:43     N
 8   7,2  12,8   16:05  -0,4   01:08  11,0   0,0   0,0   0,9   8,2   13:54   NNW
 9   7,3  15,7   12:41  -1,7   06:47  11,0   0,0   0,0   0,6   6,8   18:14   NNE
10   5,9  14,5   11:09  -1,7   04:13  12,3   0,0   0,0   0,3   4,8   12:46    NE
11   2,6   9,1   11:08  -4,6   05:39  15,7   0,0  12,0   0,5   6,1   12:38   NNW
12   7,8  14,3   16:18   2,5   23:32  10,5   0,0   0,0   1,2  11,2   19:10     N
13   4,0   8,9   09:52  -0,5   23:57  14,3   0,0   1,8   1,7  16,3   09:18   ENE
14   3,7  10,5   13:50  -3,8   04:34  14,6   0,0   0,3   0,5   7,1   12:51     N
15  12,4  20,3   14:48   4,6   06:12   6,1   0,1   0,0   1,2  10,2   17:31     N
16   9,2  16,5   11:11  -1,0   23:58   9,1   0,0   0,0   0,9   6,8   00:08   NNE
17   6,5  14,3   09:07  -3,3   05:52  11,8   0,0   0,0   0,8   7,8   12:38    SE
18   5,9  12,1   11:10  -2,6   03:59  12,2   0,0   0,0   0,7   7,8   15:32    SE
19   9,3  19,3   17:13  -2,1   05:34   9,0   0,0   0,0   0,4   5,8   14:45    SE
20  12,0  18,7   16:51   2,7   06:37   6,3   0,0   0,0   0,6   6,8   11:52    SE
21  12,9  22,6   12:41   2,2   05:46   6,1   0,7   0,0   0,5   5,8   16:24   SSE
22  13,6  25,1   12:43   1,2   05:28   6,0   1,3   0,0   0,4   5,1   16:30     N
23  13,2  21,7   13:34   4,0   02:33   5,7   0,6   0,0   0,5   5,4   16:20     E
24   9,9  13,3   13:07   5,7   06:08   8,4   0,0   0,0   1,4   7,8   17:44    SE
25   8,7  15,8   14:52   0,2   05:36   9,6   0,0   0,0   0,5   7,5   15:13     E
26   8,8  15,3   12:14   1,2   03:19   9,5   0,0   0,0   0,7   7,8   10:33   SSE
27   5,4   7,1   00:00   2,6   23:58  12,9   0,0  17,7   1,0   7,1   12:43   SSE
28   4,0   7,8   16:20   1,1   02:45  14,3   0,0   0,0   1,1   8,2   09:31   SSE
29   6,2  13,7   09:08   0,6   02:09  12,1   0,0   0,0   0,3   4,4   11:20   NNE
30   5,3  10,2   08:33  -0,7   05:37  13,0   0,0   0,0   1,3  11,2   15:33     S
----------------------------------------------------------------------------------
     7,5  25,1    22    -4,6    11   327,3   2,7  35,4   0,8  16,3    13      NE

Max >=  27,0:  0
Max <=   0,0:  0
Min <=   0,0: 16
Min <= -18,0:  0
Max Rain: 17,7 on day 27
Days of Rain: 7 (>= 0,2 mm)  2 (>= 2,0 mm)  0 (>= 20,0 mm)
Heat Base: 18,3  Cool Base: 18,3  Method: Integration