NOAA-Style Climate Reports

Select a Year or Month report
2021: Jan Feb Mar Apr Mai Jun Jul Aug Sep Okt Nov Des
2020: Jan Feb Mar Apr Mai Jun Jul Aug Sep Okt Nov Des
2019: Jan Feb Mar Apr Mai Jun Jul Aug Sep Okt Nov Des
2018: Jan Feb Mar Apr Mai Jun Jul Aug Sep Okt Nov Des
2017: Jan Feb Mar Apr Mai Jun Jul Aug Sep Okt Nov Des
2016: Jan Feb Mar Apr Mai Jun Jul Aug Sep Okt Nov Des
2015: Jan Feb Mar Apr Mai Jun Jul Aug Sep Okt Nov Des
2014: Jan Feb Mar Apr Mai Jun Jul Aug Sep Okt Nov Des
2013: Jan Feb Mar Apr Mai Jun Jul Aug Sep Okt Nov Des
2012: Jan Feb Mar Apr Mai Jun Jul Aug Sep Okt Nov Des

Report for 2020 Mai
                   Monthly Climatological Summary for mai 2020

Name: Kurlandfk.no   City: Kurland, Lørenskog   State: Akershus
Elevation: 177 m  Lat: N 59° 55' 48"   Lon: E 011° 01' 06"

                  Temperature (°C), Rain (mm), Wind Speed (m/s)

                                      Heat  Cool        Avg
    Mean                              Deg   Deg         Wind                 Dom
Day Temp  High   Time   Low    Time   Days  Days  Rain  Speed High   Time    Dir
----------------------------------------------------------------------------------
 1   6,2  12,6   15:29   0,9   03:08  12,0   0,0   0,0   0,5   4,8   00:16   SSE
 2  10,3  18,6   11:57   3,3   23:55   8,0   0,0   0,0   0,3   4,4   13:31     N
 3   8,6  18,3   13:12   0,7   05:32   9,7   0,0   0,0   0,5   6,8   14:08    SE
 4   7,5  13,3   12:56   0,6   23:58  10,8   0,0   0,0   0,9   7,8   16:56   ESE
 5   9,1  17,0   13:28  -1,0   01:55   9,2   0,0   0,0   0,6   6,5   16:52    NE
 6  11,1  19,7   13:01   0,3   05:27   7,3   0,1   0,0   0,6   7,8   16:05   NNE
 7  10,0  17,9   11:35   1,5   05:11   8,3   0,0   0,0   0,5   6,8   13:22     N
 8  12,5  19,1   09:22   4,4   05:07   5,8   0,0   0,0   0,9   7,8   13:23     N
 9  11,5  20,1   12:09   0,1   05:11   6,9   0,1   0,0   0,7   7,1   13:09     N
10   4,3   8,6   00:00  -2,4   23:58  14,0   0,0   0,0   1,0   8,5   11:19    SE
11   6,2  13,3   13:17  -3,2   03:14  12,1   0,0   0,0   0,6   8,8   15:56   NNE
12   4,7  14,7   08:35  -2,6   03:05  13,6   0,0   0,0   0,7  10,5   14:25   ENE
13   6,4  13,0   13:14  -4,0   04:12  12,0   0,0   0,0   0,5   6,5   09:20   ESE
14   7,9  16,1   09:53  -2,9   05:23  10,4   0,0   0,0   0,7   7,8   16:45     N
15   7,3  16,5   11:44  -0,9   01:07  11,0   0,0   0,0   0,7   7,5   20:23     N
16   7,7  13,3   07:22   1,1   03:09  10,6   0,0   0,0   1,5   9,5   10:53     N
17  10,1  16,3   09:32   2,1   23:33   8,2   0,0   0,0   1,1   6,5   08:32     N
18  10,0  17,9   12:03  -0,5   04:33   8,3   0,0   0,0   0,4   4,1   11:03   SSE
19   9,4  16,7   13:03   0,8   04:33   8,9   0,0   0,0   0,8   7,1   14:51    SE
20  11,8  19,9   12:21   3,9   00:00   6,5   0,0   0,0   0,5   7,1   16:46     E
21  13,2  22,1   14:01   0,8   04:09   5,6   0,5   0,0   0,5   7,5   13:27     N
22  14,2  21,1   13:22   9,7   23:48   4,3   0,2   0,0   2,8  36,7   01:22    NE
23  11,6  17,0   13:36   9,1   01:37   6,7   0,0   0,0   0,7   8,2   00:35   NNW
24  12,2  17,4   11:37   8,5   01:28   6,1   0,0   0,0   0,5   6,5   15:47   NNW
25  15,0  22,4   13:35   9,7   00:00   3,8   0,5   0,0   0,5   5,4   09:59    SE
26  14,9  21,7   12:27   6,2   03:53   4,0   0,6   0,0   0,6   6,5   14:35   NNW
27  14,5  22,3   09:51   6,2   02:27   4,0   0,3   0,0   0,6   8,5   18:27   NNE
28  14,3  21,9   16:06   7,2   00:50   4,4   0,4   0,0   0,5   7,8   16:27   SSE
29  16,9  25,9   11:20   5,1   02:55   3,7   2,3   0,0   0,5   4,8   16:25   ENE
30  17,4  22,8   19:10  10,6   00:00   2,6   1,7   0,0   0,8   8,5   16:55   SSE
31  19,0  25,6   16:36   7,2   03:34   2,6   3,3   0,0   0,5   6,5   13:10   SSE
----------------------------------------------------------------------------------
    10,8  25,9    29    -4,0    13   241,4  10,0   0,0   0,7  36,7    22      NE

Max >=  27,0:  0
Max <=   0,0:  0
Min <=   0,0:  8
Min <= -18,0:  0
Max Rain: 0,0 on day 0
Days of Rain: 0 (>= 0,2 mm)  0 (>= 2,0 mm)  0 (>= 20,0 mm)
Heat Base: 18,3  Cool Base: 18,3  Method: Integration