NOAA-Style Climate Reports

Select a Year or Month report
2021: Jan Feb Mar Apr Mai Jun Jul Aug Sep Okt Nov Des
2020: Jan Feb Mar Apr Mai Jun Jul Aug Sep Okt Nov Des
2019: Jan Feb Mar Apr Mai Jun Jul Aug Sep Okt Nov Des
2018: Jan Feb Mar Apr Mai Jun Jul Aug Sep Okt Nov Des
2017: Jan Feb Mar Apr Mai Jun Jul Aug Sep Okt Nov Des
2016: Jan Feb Mar Apr Mai Jun Jul Aug Sep Okt Nov Des
2015: Jan Feb Mar Apr Mai Jun Jul Aug Sep Okt Nov Des
2014: Jan Feb Mar Apr Mai Jun Jul Aug Sep Okt Nov Des
2013: Jan Feb Mar Apr Mai Jun Jul Aug Sep Okt Nov Des
2012: Jan Feb Mar Apr Mai Jun Jul Aug Sep Okt Nov Des

Report for 2020 Juni
                   Monthly Climatological Summary for jun 2020

Name: Kurlandfk.no   City: Kurland, Lørenskog   State: Akershus
Elevation: 177 m  Lat: N 59° 55' 48"   Lon: E 011° 01' 06"

                  Temperature (°C), Rain (mm), Wind Speed (m/s)

                                      Heat  Cool        Avg
    Mean                              Deg   Deg         Wind                 Dom
Day Temp  High   Time   Low    Time   Days  Days  Rain  Speed High   Time    Dir
----------------------------------------------------------------------------------
 1  21,8  32,7   09:58  10,0   00:58   2,4   5,9   0,0   0,4   5,4   16:25   NNE
 2  21,5  32,3   09:57   9,2   03:47   2,3   5,5   0,0   0,4   5,1   15:40     N
 3  18,6  26,1   12:21   9,8   01:08   2,1   2,5   0,0   0,7   8,8   15:21   SSW
 4  16,2  20,2   15:52  12,0   11:51   2,3   0,2   0,0   1,0   9,5   15:18     S
 5  13,3  16,7   12:51   9,5   22:30   5,0   0,0   0,0   1,1   9,2   07:07   SSE
 6  11,0  14,1   11:09   9,0   00:56   7,3   0,0   0,0   0,4   5,8   20:06   NNW
 7  12,0  16,7   15:33   9,0   03:23   6,3   0,0   0,0   1,0   7,8   01:38   NNW
 8  11,7  14,9   18:17   9,5   09:48   6,7   0,0   0,0   0,7   6,1   08:54   SSE
 9  16,3  22,2   12:47   9,3   04:29   2,8   0,8   0,0   0,3   3,7   12:42    NE
10  16,2  25,1   13:58   6,3   04:05   3,9   1,7   0,0   0,3   5,8   16:21   SSE
11  20,1  25,7   16:35   9,0   04:14   1,9   3,7   0,0   0,8   7,8   13:43    SE
12  20,9  26,3   13:06  10,5   03:36   1,7   4,3   0,0   1,2   9,5   16:36   SSE
13  20,5  26,3   15:54  11,0   03:52   1,4   3,6   0,0   1,0   8,5   15:44   SSE
14  21,4  27,3   07:55   9,6   04:42   1,4   4,5   0,0   0,5   6,5   16:13   SSE
15  23,4  33,7   08:55   8,8   04:28   1,8   6,8   0,0   0,4   5,4   16:12   ESE
16  21,9  29,2   18:07  13,2   04:07   1,1   4,9   0,0   0,4   4,1   11:07   SSE
17  22,5  30,5   08:52  14,2   03:53   0,7   4,9   0,0   0,8   9,2   16:35   SSE
18  24,7  33,1   12:28  12,3   03:58   0,8   7,3   0,0   0,3   5,1   13:18    SE
19  25,0  30,8   12:32  14,7   03:45   0,5   7,2   0,0   0,7   8,8   12:58     S
20  23,5  30,0   12:33  16,1   02:08   0,1   5,4   0,0   0,9   7,8   14:09   SSE
----------------------------------------------------------------------------------
    19,1  33,7    15     6,3    10    52,5  69,2   0,0   0,7   9,5     4     SSE

Max >=  27,0:  9
Max <=   0,0:  0
Min <=   0,0:  0
Min <= -18,0:  0
Max Rain: 0,0 on day 0
Days of Rain: 0 (>= 0,2 mm)  0 (>= 2,0 mm)  0 (>= 20,0 mm)
Heat Base: 18,3  Cool Base: 18,3  Method: Integration