NOAA-Style Climate Reports

Select a Year or Month report
2021: Jan Feb Mar Apr Mai Jun Jul Aug Sep Okt Nov Des
2020: Jan Feb Mar Apr Mai Jun Jul Aug Sep Okt Nov Des
2019: Jan Feb Mar Apr Mai Jun Jul Aug Sep Okt Nov Des
2018: Jan Feb Mar Apr Mai Jun Jul Aug Sep Okt Nov Des
2017: Jan Feb Mar Apr Mai Jun Jul Aug Sep Okt Nov Des
2016: Jan Feb Mar Apr Mai Jun Jul Aug Sep Okt Nov Des
2015: Jan Feb Mar Apr Mai Jun Jul Aug Sep Okt Nov Des
2014: Jan Feb Mar Apr Mai Jun Jul Aug Sep Okt Nov Des
2013: Jan Feb Mar Apr Mai Jun Jul Aug Sep Okt Nov Des
2012: Jan Feb Mar Apr Mai Jun Jul Aug Sep Okt Nov Des

Report for 2020 Juli
                   Monthly Climatological Summary for jul 2020

Name: Kurlandfk.no   City: Kurland, Lørenskog   State: Akershus
Elevation: 177 m  Lat: N 59° 55' 48"   Lon: E 011° 01' 06"

                  Temperature (°C), Rain (mm), Wind Speed (m/s)

                                      Heat  Cool        Avg
    Mean                              Deg   Deg         Wind                 Dom
Day Temp  High   Time   Low    Time   Days  Days  Rain  Speed High   Time    Dir
----------------------------------------------------------------------------------
 1  14,2  20,4   15:10  10,5   04:40   4,2   0,1   0,0   1,0   4,4   09:10   SSE
 2  14,5  20,2   13:40 -11,5   19:39   4,1   0,2   0,0   0,4  59,2   18:09   ESE
 3  11,7  20,8   06:54 -11,8   19:39   6,7   0,1   0,0   0,6  59,2   02:09     N
 4  12,3  20,7   16:54 -12,1   19:39   6,1   0,1   0,0   0,7  59,2   02:10    SE
 5  11,5  17,3   18:47 -12,3   11:39   6,8   0,0   0,0   0,9  57,6   01:51    SW
 6  13,7  18,5   13:29   9,7   04:20   4,6   0,0   0,0   0,9   7,5   09:46     N
 7  13,5  23,6   09:48   8,7   23:57   5,3   0,5   0,0   0,3   7,1   14:17     N
 8  14,2  21,8   11:21   7,7   04:30   4,2   0,1   0,0   0,5   5,8   08:59    SE
 9  15,9  24,4   11:08   6,4   03:50   3,4   1,0   0,0   0,4   5,8   14:13   ESE
10  15,3  23,2   11:22   7,8   04:57   3,7   0,7   0,0   0,3   8,5   13:12   SSE
11  16,9  26,7   11:46   7,6   03:47   3,3   2,0   0,0   0,4   6,8   18:41     N
12  16,9  24,8   08:41   6,1   03:45   3,1   1,7   0,0   0,5   7,1   17:34     N
13  17,2  25,7   11:53   7,2   04:36   2,8   1,6   0,0   0,4   5,8   14:42    SE
14  14,2  15,5   14:59  12,9   05:51   4,1   0,0   0,0   0,4   5,8   10:17     S
15  17,6  24,6   12:39  13,0   23:57   1,8   1,1   0,0   0,3   5,4   16:26   SSE
16  16,5  25,2   12:39  10,0   03:29   3,0   1,1   0,0   0,4   4,8   18:12   NNE
17  17,4  25,5   10:56  10,9   00:50   2,3   1,4   0,0   0,8  11,2   13:27     N
18  16,7  20,6   13:05  14,8   21:07   1,7   0,1   0,0   1,0   7,8   12:34   NNW
19  16,5  19,3   12:09  14,2   23:59   1,8   0,0   0,0   0,6   6,1   04:54   NNW
20  17,6  25,9   09:58  11,2   04:46   2,4   1,7   0,0   0,2   4,4   14:34     N
21  15,0  20,9   13:42   8,8   23:58   3,5   0,2   0,0   0,3   4,4   20:09    SE
22  14,1  24,2   11:29   5,2   04:41   5,0   0,8   0,0   0,3   7,1   13:48   ESE
23  15,5  25,0   11:44   4,3   04:29   4,1   1,3   0,0   0,2   4,4   13:24     N
24  15,1  23,1   13:41   8,0   02:29   3,8   0,6   0,0   0,6   5,8   07:59   SSE
25  16,5  23,5   13:24   8,9   05:05   3,0   1,2   0,0   0,7   7,5   14:18   SSE
26  15,5  17,4   12:50  13,0   00:07   2,8   0,0   0,0   0,6   6,8   10:26   SSW
27  18,0  24,2   13:13  11,6   23:22   1,7   1,4   0,0   0,8   6,8   15:56   NNW
28  13,8  17,3   18:49  10,0   01:29   4,5   0,0   0,0   0,8   7,1   14:57     S
29  13,8  18,2   19:17  10,0   23:54   4,5   0,0   0,0   0,2   4,8   03:29   SSW
30  19,0  28,1   10:16   8,7   01:47   2,7   3,4   0,0   0,3   6,5   16:12   NNE
31  19,4  26,0   12:40  10,2   03:12   2,1   3,2   0,0   0,5   5,4   11:57   SSE
----------------------------------------------------------------------------------
    15,5  28,1    30   -12,3     5   113,1  25,6   0,0   0,5  59,2     2     ESE

Max >=  27,0:  1
Max <=   0,0:  0
Min <=   0,0:  4
Min <= -18,0:  0
Max Rain: 0,0 on day 0
Days of Rain: 0 (>= 0,2 mm)  0 (>= 2,0 mm)  0 (>= 20,0 mm)
Heat Base: 18,3  Cool Base: 18,3  Method: Integration