NOAA-Style Climate Reports

Select a Year or Month report
2021: Jan Feb Mar Apr Mai Jun Jul Aug Sep Okt Nov Des
2020: Jan Feb Mar Apr Mai Jun Jul Aug Sep Okt Nov Des
2019: Jan Feb Mar Apr Mai Jun Jul Aug Sep Okt Nov Des
2018: Jan Feb Mar Apr Mai Jun Jul Aug Sep Okt Nov Des
2017: Jan Feb Mar Apr Mai Jun Jul Aug Sep Okt Nov Des
2016: Jan Feb Mar Apr Mai Jun Jul Aug Sep Okt Nov Des
2015: Jan Feb Mar Apr Mai Jun Jul Aug Sep Okt Nov Des
2014: Jan Feb Mar Apr Mai Jun Jul Aug Sep Okt Nov Des
2013: Jan Feb Mar Apr Mai Jun Jul Aug Sep Okt Nov Des
2012: Jan Feb Mar Apr Mai Jun Jul Aug Sep Okt Nov Des

Report for 2020 August
                   Monthly Climatological Summary for aug 2020

Name: Kurlandfk.no   City: Kurland, Lørenskog   State: Akershus
Elevation: 177 m  Lat: N 59° 55' 48"   Lon: E 011° 01' 06"

                  Temperature (°C), Rain (mm), Wind Speed (m/s)

                                      Heat  Cool        Avg
    Mean                              Deg   Deg         Wind                 Dom
Day Temp  High   Time   Low    Time   Days  Days  Rain  Speed High   Time    Dir
----------------------------------------------------------------------------------
 1  20,6  29,7   12:44  11,5   02:52   1,8   4,2   0,0   0,4   5,1   14:21     N
 2  16,7  24,6   10:31  12,8   03:13   2,0   0,4   0,3   0,2   4,1   16:27     N
 3  18,4  25,5   13:11  10,0   05:24   2,0   2,1   0,0   0,5   7,8   13:21     N
 4  15,9  23,7   12:05   8,0   04:39   3,3   0,9   0,0   0,3   4,8   19:40     N
 5  14,0  16,1   19:08  10,7   00:43   4,3   0,0   0,3   0,5   6,8   12:07   NNW
 6  18,3  24,0   16:48  13,3   23:54   1,3   1,3   0,0   0,4   5,1   17:46   NNW
 7  20,6  30,2   12:28  12,0   04:24   1,7   4,0   0,0   0,3   3,7   12:22     N
 8  21,9  30,2   11:12  12,6   05:12   1,4   5,0   0,0   0,3   4,1   17:42     N
 9  18,9  24,1   15:42  13,4   03:12   1,4   2,1   0,0   1,0   5,1   07:42    SE
10  18,5  23,2   16:42  14,0   00:42   1,2   1,5   0,0   0,7   3,7   13:12     S
11  20,2  28,4   13:42  12,2   03:42   1,6   3,5   0,0   0,3   4,1   17:42     E
12  21,7  29,8   13:12  11,9   05:12   1,5   4,8   0,0   0,3   3,4   18:42     N
13  21,6  31,3   12:42  12,7   05:42   1,4   4,6   0,0   0,4   3,4   14:12     N
14  21,1  29,8   13:12  12,7   05:42   1,3   4,1   0,3   0,2   2,7   16:12     N
15  20,3  27,3   12:11  13,8   01:42   1,0   3,0   0,0   0,5   4,4   14:46     N
16  18,4  26,3   16:24  12,2   23:58   1,6   1,7   0,0   0,2   3,4   15:20   NNE
17  19,7  30,1   12:52   9,3   04:40   2,6   4,0   0,0   0,2   3,7   13:22     E
18  21,9  35,4   10:59  10,9   04:58   2,0   5,6   0,0   0,2   4,8   17:15     N
19  19,9  28,6   13:30  11,5   04:17   1,8   3,4   0,0   0,3   5,4   16:37   NNW
20  20,4  27,7   11:22  13,5   05:17   1,0   3,1   0,3   0,3   5,8   16:05    NW
21  17,9  20,2   13:11  16,5   16:19   0,7   0,3   0,0   0,5   8,5   18:49    SW
22  18,4  22,3   11:21  14,2   23:57   0,8   0,9   0,0   1,1   7,8   10:38   NNW
23  16,9  25,7   12:17   9,0   23:51   2,9   1,5   0,0   0,8  46,2   06:49     N
24  13,9  23,9   09:37   5,6   03:54   5,2   0,8   0,0   0,4   6,5   16:53   NNW
25  13,1  22,9   10:29   2,7   05:49   5,9   0,8   0,0   0,4   5,8   17:26     N
26  11,1  17,6   17:43   6,1   04:26   7,2   0,0   0,0   0,7  37,4   09:13   ESE
27  11,4  19,9   15:32   4,0   05:37   7,0   0,1   0,0   0,2   3,1   10:46   SSE
28  13,3  21,1   11:30   7,0   06:55   5,2   0,2   0,3   0,4   5,4   17:43     S
29  12,8  20,0   13:09   5,2   06:01   5,5   0,0   0,0   0,5   5,4   15:44   SSE
30  11,7  22,3   08:52   4,8   05:47   6,6   0,0   0,0   0,5   7,5   16:58   SSE
31  12,0  20,9   09:16   3,7   23:46   6,4   0,0   0,0   0,4   4,4   13:13   SSE
----------------------------------------------------------------------------------
    17,5  35,4    18     2,7    25    89,6  63,9   1,5   0,4  46,2    23     NNE

Max >=  27,0: 12
Max <=   0,0:  0
Min <=   0,0:  0
Min <= -18,0:  0
Max Rain: 0,3 on day 2
Days of Rain: 5 (>= 0,2 mm)  0 (>= 2,0 mm)  0 (>= 20,0 mm)
Heat Base: 18,3  Cool Base: 18,3  Method: Integration